to base 16.
18
What is 8 (base 10) in base 8?
10
-9 (base 11) to base 15
-9
What is 20 (base 9) in base 16?
12
17 (base 13) to base 12
18
What is 11 (base 6) in base 16?
7
What is -11 (base 11) in base 13?
-c
What is -205 (base 8) in base 12?
-b1
5 (base 11) to base 7
5
Convert -6 (base 12) to base 9.
-6
-4 (base 6) to base 3
-11
Convert 30 (base 4) to base 14.
c
Convert 16 (base 14) to base 11.
19
Convert 1 (base 6) to base 7.
1
Convert -50 (base 10) to base 4.
-302
135 (base 13) to base 5
1323
Convert 154 (base 6) to base 10.
70
-9 (base 13) to base 10
-9
-101 (base 4) to base 9
-18
What is 5 (base 15) in base 6?
5
Convert -1 (base 15) to base 16.
-1
-11 (base 7) to base 4
-20
44 (base 5) to base 13
1b
50 (base 9) to base 4
231
15 (base 8) to base 12
11
Convert 1 (base 2) to base 9.
1
16 (base 10) to base 4
100
Convert b (base 16) to base 15.
b
Convert -21 (base 3) to base 10.
-7
5 (base 8) to base 7
5
What is -2 (base 5) in base 14?
-2
Convert 1430 (base 6) to base 9.
460
What is -1 (base 16) in base 11?
-1
What is -6 (base 11) in base 6?
-10
What is 110011 (base 2) in base 11?
47
-5 (base 10) to base 8
-5
-1a (base 12) to base 16
-16
What is 1012 (base 3) in base 12?
28
Convert 100 (base 3) to base 14.
9
Convert -3 (base 12) to base 3.
-10
Convert -1000 (base 4) to base 5.
-224
Convert 1110 (base 5) to base 9.
182
-462 (base 7) to base 12
-180
What is 3 (base 12) in base 11?
3
Convert b (base 14) to base 16.
b
2 (base 7) to base 9
2
-19 (base 16) to base 5
-100
Convert -2 (base 15) to base 7.
-2
What is 0 (base 16) in base 4?
0
141 (base 11) to base 5
1131
1 (base 7) to base 6
1
What is -2 (base 16) in base 6?
-2
What is 1 (base 7) in base 9?
1
10 (base 2) to base 16
2
Convert -5 (base 15) to base 2.
-101
Convert -460 (base 7) to base 2.
-11101110
Convert -11 (base 2) to base 4.
-3
-230 (base 6) to base 15
-60
Convert 1d (base 14) to base 10.
27
What is 3 (base 5) in base 13?
3
Convert 302 (base 5) to base 7.
140
What is -333 (base 4) in base 13?
-4b
155 (base 8) to base 6
301
-16 (base 11) to base 9
-18
-17 (base 13) to base 8
-24
Convert -1 (base 11) to base 6.
-1
-1 (base 16) to base 10
-1
What is 222 (base 6) in base 14?
62
What is -6 (base 16) in base 3?
-20
Convert 5 (base 6) to base 2.
101
1 (base 6) to base 5
1
What is -415 (base 7) in base 9?
-251
What is -57 (base 11) in base 8?
-76
0 (base 10) to base 3
0
Convert -67 (base 9) to base 14.
-45
-13 (base 6) to base 8
-11
What is 1 (base 11) in base 5?
1
Convert -37 (base 13) to base 10.
-46
What is -5 (base 16) in base 6?
-5
Convert -14 (base 5) to base 4.
-21
What is 0 (base 6) in base 14?
0
7a (base 12) to base 8
136
-1 (base 7) to base 15
-1
Convert -110 (base 7) to base 15.
-3b
-32 (base 8) to base 14
-1c
Convert -72 (base 11) to base 7.
-142
-14 (base 15) to base 3
-201
-10 (base 8) to base 7
-11
What is 4 (base 5) in base 8?
4
4 (base 10) to base 12
4
Convert -2021 (base 3) to base 4.
-331
What is -4 (base 12) in base 5?
-4
-2 (base 6) to base 4
-2
What is 1c (base 15) in base 12?
23
Convert 2 (base 8) to base 11.
2
What is -11001 (base 2) in base 13?
-1c
Convert -1 (base 16) to base 11.
-1
Convert -13 (base 11) to base 9.
-15
What is 49 (base 13) in base 16?
3d
Convert 134 (base 6) to base 13.
46
Convert 4 (base 10) to base 9.
4
Convert 0 (base 9) to base 4.
0
What is -1b (base 14) in base 6?
-41
Convert -11 (base 8) to base 13.
-9
What is 0 (base 16) in base 2?
0
Convert 0 (base 13) to base 7.
0
What is -12 (base 11) in base 5?
-23
What is 10010111 (base 2) in base 5?
1101
Convert 1 (base 16) to base 10.
1
39 (base 14) to base 12
43
-7 (base 13) to base 15
-7
What is 24 (base 9) in base 6?
34
What is -12 (base 6) in base 3?
-22
Convert 13 (base 6) to base 3.
100
10 (base 7) to base 10
7
-8 (base 15) to base 9
-8
111001 (base 2) to base 16
39
What is -3 (base 6) in base 12?
-3
What is -3 (base 15) in base 16?
-3
What is -55 (base 12) in base 7?
-122
-25 (base 6) to base 16
-11
1001 (base 2) to base 10
9
-1 (base 16) to base 13
-1
Convert -b (base 16) to base 3.
-102
What is 11 (base 11) in base 5?
22
-4 (base 8) to base 14
-4
Convert 3 (base 10) to base 3.
10
-4 (base 16) to base 9
-4
Convert -66 (base 7) to base 6.
-120
Convert -11 (base 3) to base 12.
-4
-62 (base 13) to base 6
-212
What is 4 (base 11) in base 16?
4
What is -10 (base 3) in base 16?
-3
What is 7 (base 9) in base 12?
7
What is 3 (base 10) in base 13?
3
Convert 54 (base 7) to base 5.
124
-212 (base 6) to base 15
-55
What is 15 (base 8) in base 4?
31
Convert -102 (base 3) to base 7.
-14
Convert 10001 (base 2) to base 4.
101
Convert 23 (base 15) to base 8.
41
-10 (base 2) to base 7
-2
What is 1113 (base 5) in base 3?
12212
Convert 2200 (base 3) to base 8.
110
-11 (base 15) to base 8
-20
2 (base 5) to base 8
2
Convert -101 (base 2) to base 5.
-10
What is -3 (base 15) in base 9?
-3
What is 3 (base 8) in base 16?
3
Convert 9 (base 12) to base 3.
100
What is -216 (base 7) in base 15?
-76
37 (base 9) to base 2
100010
177 (base 9) to base 2
10010111
200 (base 4) to base 5
112
What is 4 (base 16) in base 9?
4
Convert 2 (base 16) to base 5.
2
Convert 140 (base 5) to base 7.
63
What is 10 (base 4) in base 13?
4
What is -11 (base 5) in base 7?
-6
Convert -2220 (base 3) to base 12.
-66
-227 (base 8) to base 11
-128
3 (base 8) to base 5
3
What is -8 (base 14) in base 13?
-8
Convert -51 (base 12) to base 7.
-115
110 (base 10) to base 11
a0
What is 1 (base 8) in base 5?
1
What is 1d (base 16) in base 11?
27
-3c (base 16) to base 3
-2020
12 (base 3) to base 13
5
Convert -10010000 (base 2) to base 9.
-170
-7 (base 14) to base 16
-7
10 (base 4) to base 13
4
Convert 1 (base 10) to base 7.
1
7 (base 10) to base 2
111
aa (base 16) to base 4
2222
What is -101 (base 4) in base 8?
-21
5 (base 8) to base 12
5
What is 120 (base 3) in base 6?
23
-17 (base 11) to base 14
-14
What is -22 (base 8) in base 15?
-13
Convert 5 (base 11) to base 8.
5
-1012 (base 4) to base 15
-4a
What is -121 (base 3) in base 10?
-16
Convert -36 (base 13) to base 14.
-33
Convert 1 (base 10) to base 14.
1
What is 3 (base 4) in base 10?
3
-302 (base 5) to base 14
-57
Convert 215 (base 9) to base 16.
b0
-109 (base 10) to base 8
-155
Convert -38 (base 13) to base 12.
-3b
What is 1 (base 10) in base 7?
1
What is 211 (base 4) in base 11?
34
-1303 (base 4) to base 11
-a5
Convert 131 (base 6) to base 7.
106
What is -2 (base 9) in base 5?
-2
3 (base 7) to base 15
3
Convert 2 (base 13) to base 15.
2
-2 (base 6) to base 2
-10
1011 (base 2) to base 13
b
What is -20 (base 15) in base 13?
-24
Convert -92 (base 10) to base 4.
-1130
What is 100 (base 2) in base 5?
4
-20 (base 7) to base 8
-16
Convert 1 (base 4) to base 2.
1
Convert -2 (base 11) to base 12.
-2
-36 (base 10) to base 3
-1100
Convert 80 (base 11) to base 4.
1120
What is 0 (base 4) in base 9?
0
Convert 30 (base 9) to base 8.
33
Convert -1 (base 16) to base 11.
-1
What is -a8 (base 12) in base 11?
-107
232 (base 4) to base 16
2e
What is 22 (base 4) in base 16?
a
Convert -1203 (base 5) to base 11.
-152
1 (base 15) to base 9
1
-1 (base 7) to base 2
-1
What is -104 (base 14) in base 16?
-c8
-2 (base 9) to base 4
-2
-2 (base 8) to base 11
-2
What is 31 (base 8) in base 14?
1b
What is -3 (base 7) in base 10?
-3
-9 (base 16) to base 13
-9
What is 6 (base 15) in base 14?
6
Convert 16 (base 12) to base 14.
14
-5 (base 9) to base 8
-5
11 (base 3) to base 8
4
What is -fa (base 16) in base 4?
-3322
What is -3 (base 13) in base 14?
-3
Convert -4 (base 15) to base 6.
-4
54 (base 7) to base 9
43
-7b (base 13) to base 10
-102
Convert 20 (base 4) to base 5.
13
Convert -2 (base 4) to base 11.
-2
-150 (base 7) to base 12
-70
Convert 2 (base 8) to base 5.
2
Convert 122 (base 3) to base 4.
101
Convert -10303 (base 4) to base 8.
-463
-77 (base 14) to base 7
-210
-1222 (base 4) to base 14
-78
Convert -3 (base 7) to base 5.
-3
What is 404 (base 9) in base 3?
110011
What is -4 (base 14) in base 4?
-10
What is -155 (base 6) in base 7?
-131
Convert -2011 (base 3) to base 9.
-64
Convert -1324 (base 5) to base 8.
-326
What is 46 (base 16) in base 15?
4a
What is -10111000 (base 2) in base 11?
-158
What is 177 (base 8) in base 7?
241
-23 (base 15) to base 14
-25
What is -51 (base 12) in base 7?
-115
3 (base 6) to base 7
3
Convert 2 (base 4)